es 26 divide 4056?
True
Is 321 a multiple of 16?
False
Is 4251 a multiple of 9?
False
Does 237 divide 48369?
False
Does 31 divide 59551?
True
Does 35 divide 62218?
False
Does 41 divide 4107?
False
Is 4 a factor of 190?
False
Is 293 a multiple of 6?
False
Does 18 divide 877?
False
Is 115 a multiple of 35?
False
Is 14 a factor of 2389?
False
Does 7 divide 217?
True
Is 84 a multiple of 4?
True
Does 117 divide 11700?
True
Does 12 divide 28282?
False
Is 5740 a multiple of 70?
True
Is 46 a factor of 690?
True
Is 9 a factor of 16857?
True
Does 16 divide 312?
False
Is 30 a factor of 26430?
True
Is 3632 a multiple of 22?
False
Is 7 a factor of 686?
True
Does 33 divide 23793?
True
Is 74 a factor of 1108?
False
Is 35316 a multiple of 56?
False
Is 105 a factor of 90014?
False
Is 5968 a multiple of 14?
False
Is 33008 a multiple of 8?
True
Is 23 a factor of 41469?
True
Does 50 divide 18793?
False
Is 277 a multiple of 4?
False
Does 120 divide 29026?
False
Does 2 divide 308?
True
Is 75 a factor of 3150?
True
Is 33 a factor of 6831?
True
Is 22 a factor of 605?
False
Does 13 divide 6552?
True
Is 45 a factor of 18348?
False
Is 11 a factor of 583?
True
Is 88 a factor of 248?
False
Is 2 a factor of 14119?
False
Does 11 divide 16148?
True
Is 63 a factor of 20417?
False
Is 1855 a multiple of 53?
True
Is 9388 a multiple of 4?
True
Does 9 divide 18036?
True
Does 12 divide 1308?
True
Does 12 divide 8460?
True
Is 4 a factor of 144?
True
Does 9 divide 839?
False
Does 64 divide 10368?
True
Is 630 a multiple of 7?
True
Is 16226 a multiple of 12?
False
Is 1702 a multiple of 16?
False
Does 13 divide 10608?
True
Is 8 a factor of 712?
True
Does 41 divide 2492?
False
Is 56 a multiple of 28?
True
Does 14 divide 21406?
True
Is 53018 a multiple of 9?
False
Is 27 a factor of 2186?
False
Is 191 a factor of 5926?
False
Is 10 a factor of 675?
False
Is 1260 a multiple of 4?
True
Is 9622 a multiple of 17?
True
Is 4134 a multiple of 53?
True
Is 468 a multiple of 3?
True
Is 5 a factor of 1775?
True
Is 1098 a multiple of 12?
False
Does 41 divide 943?
True
Is 15 a factor of 41844?
False
Is 1943 a multiple of 29?
True
Does 7 divide 792?
False
Is 12597 a multiple of 39?
True
Is 7 a factor of 492?
False
Does 8 divide 3896?
True
Is 942 a multiple of 3?
True
Is 36 a factor of 67407?
False
Is 22308 a multiple of 10?
False
Does 226 divide 38872?
True
Does 18 divide 7650?
True
Does 147 divide 23226?
True
Does 9 divide 423?
True
Is 111 a multiple of 55?
False
Is 10803 a multiple of 3?
True
Does 94 divide 7006?
False
Does 16 divide 70390?
False
Does 10 divide 354?
False
Is 9746 a multiple of 10?
False
Is 13 a factor of 546?
True
Is 432 a factor of 82080?
True
Is 10 a factor of 8707?
False
Is 73 a factor of 950?
False
Is 1092 a multiple of 21?
True
Does 6 divide 23336?
False
Is 24857 a multiple of 21?
False
Does 6 divide 1530?
True
Is 65256 a multiple of 24?
True
Does 12 divide 213?
False
Is 338 a multiple of 13?
True
Is 7 a factor of 1900?
False
Does 131 divide 2882?
True
Is 13 a factor of 198?
False
Is 11 a factor of 1457?
False
Does 4 divide 1144?
True
Is 9 a factor of 86?
False
Does 4 divide 19?
False
Is 13 a factor of 26039?
True
Is 13 a factor of 1690?
True
Does 64 divide 23040?
True
Does 4 divide 10?
False
Does 13 divide 14778?
False
Is 271 a multiple of 13?
False
Is 6 a factor of 60909?
False
Is 16 a factor of 1136?
True
Is 13806 a multiple of 39?
True
Does 6 divide 9769?
False
Does 18 divide 5660?
False
Is 2083 a multiple of 4?
False
Is 544 a multiple of 2?
True
Is 295 a multiple of 5?
True
Is 6538 a multiple of 14?
True
Is 122 even?
True
Is 1716 a multiple of 26?
True
Is 10 a factor of 53800?
True
Is 86 a factor of 1634?
True
Does 7 divide 1729?
True
Is 8 a factor of 1092?
False
Does 14 divide 4715?
False
Is 13 a factor of 85441?
False
Is 102336 a multiple of 26?
True
Is 5100 a multiple of 30?
True
Is 1433 a multiple of 14?
False
Is 580 a multiple of 4?
True
Does 8 divide 7841?
False
Is 23 a factor of 18998?
True
Is 87250 a multiple of 259?
False
Is 286 a multiple of 11?
True
Is 4060 a multiple of 20?
True
Is 4 a factor of 313?
False
Does 16 divide 2176?
True
Is 1981 a multiple of 8?
False
Does 204 divide 20400?
True
Does 5 divide 1382?
False
Does 15 divide 13362?
False
Does 40 divide 200?
True
Is 14 a factor of 5768?
True
Is 78 a factor of 24414?
True
Does 63 divide 800?
False
Does 12 divide 1092?
True
Is 491 a multiple of 10?
False
Is 30784 a multiple of 74?
True
Does 121 divide 3388?
True
Does 163 divide 38751?
False
Does 11 divide 88554?
False
Does 41 divide 12423?
True
Is 29 a factor of 10034?
True
Does 5 divide 305?
True
Is 88521 a multiple of 19?
True
Is 65 a factor of 325?
True
Is 4795 a multiple of 145?
False
Is 8 a factor of 1840?
True
Is 22 a factor of 1694?
True
Is 92 a factor of 2484?
True
Is 18 a factor of 4644?
True
Is 759 a multiple of 37?
False
Does 42 divide 25017?
False
Is 3361 a multiple of 48?
False
Is 263 a multiple of 8?
False
Is 51 a factor of 1227?
False
Does 101 divide 1739?
False
Is 3465 a multiple of 7?
True
Is 1747 a multiple of 10?
False
Does 99 divide 4826?
False
Is 2003 a multiple of 73?
False
Is 15 a factor of 480?
True
Is 6 a factor of 1116?
True
Does 15 divide 9480?
True
Does 5 divide 780?
True
Is 721 a multiple of 9?
False
Is 1678 a multiple of 11?
False
Is 7 a factor of 194?
False
Does 4 divide 7136?
True
Does 8 divide 8?
True
Is 71146 a multiple of 40?
False
Does 10 divide 495?
False
Is 59 a factor of 892?
False
Does 11 divide 9724?
True
Is 251 a multiple of 2?
False
Is 123 a factor of 76307?
False
Is 228 a multiple of 4?
True
Does 191 divide 26797?
False
Is 50 a factor of 24832?
False
Does 21 divide 765?
False
Is 50 a factor of 800?
True
Is 420 a multiple of 4?
True
Is 20 a factor of 391?
False
Is 28 a factor of 536?
False
Is 32 a factor of 7008?
True
Is 49767 a multiple of 313?
True
Is 247 a multiple of 4?
False
Is 44 a factor of 1117?
False
Does 9 divide 290?
False
Does 12 divide 1850?
False
Does 11 divide 7205?
True
Does 11 divide 30353?
False
Is 354 a multiple of 3?
True
Does 47 divide 9024?
True
Is 54 a factor of 11401?
False
Is 101 a factor of 70397?
True
Is 1638 a multiple of 9?
True
Does 15 divide 29920?
False
Is 1544 a multiple of 9?
False
Does 15 divide 1289?
False
Is 848 a multiple of 40?
False
Does 55 divide 17943?
False
Is 122 a multiple of 3?
False
Is 425 a multiple of 7?
False
Is 48 a factor of 288?
True
Is 3221 a multiple of 8?
False
Is 8 a factor of 439?
False
Is 35 a factor of 198?
False
Is 2660 a multiple of 20?
True
Does 17 divide 1020?
True
Is 10 a factor of 91?
False
Is 11 a factor of 1331?
True
Does 33 divide 1221?
True
Does 69 divide 13386?
True
Is 8 a factor of 17980?
False
Is 2035 a multiple of 21?
False
Does 2 divide 1942?
True
Is 1094 a multiple of 22?
False
Is 209 a multiple of 5?
False
Does 81 divide 11421?
True
Does 168 divide 28745?
False
Is 6 a factor of 4500?
True
Does 45 divide 360?
True
Does 23 divide 3185?
False
Is 1640 a multiple of 37?
False
Is 125 a factor of 7500?
True
Is 60770 a multiple of 103?
True
Does 26 divide 3584?
False
Does 8 divide 632?
True
Does 56 divide 541?
False
Does 18 divide 6174?
True
Is 7 a factor of 24528?
True
Is 180 a factor of 540?
True
Does 9 divide 39181?
False
Does 2 divide 1706?
True
Does 37 divide 23421?
True
Does 6 divide 645?
False
Does 20 divide 17042?
False
Is 10 even?
True
Is 95 a factor of 75720?
False
Does 11 divide 737?
True
Is 20 a factor of 1280?
True
Does 14 divide 8372?
True
Is 75 a factor of 2850?
True
Does 27 divide 7162?
False
Is 11 a factor of 4297?
False
Is 29 a factor of 2378?
True
Is 17 a factor of 35326?
True
Does 290 divide 72500?
True
Does 6 divide 396?
True
Is 393 a multiple of 34?
False
Is 2432 a multiple of 4?
True
Does 38 divide 4028?
True
Is 6 a factor of 1968?
True
Is 43 a factor of 3053?
True
Is 57 a factor of 33288?
True
Does 3 divide 506?
False
Is 56 a factor of 15212?
False
Is 27 a factor of 5591?
False
Is 291 a multiple of 5?
False
Is 414 a multiple of 23?
True
Is 12905 a multiple of 89?
True
Is 600 a multiple of 15?
True
Is 487 a multiple of 13?
False
Is 85 a factor of 6207?
False
Is 69 a factor of 4946?
False
Does 19 divide 1840?
False
Is 14688 a multiple of 28?
False
Is 222 a multiple of 12?
False
Is 21 a factor of 260?
False
Is 4 a factor of 32